{"id":906,"date":"2024-04-18T10:36:51","date_gmt":"2024-04-18T13:36:51","guid":{"rendered":"https:\/\/www.inaweb.com.br\/velar-novo\/?page_id=906"},"modified":"2024-05-17T17:54:21","modified_gmt":"2024-05-17T20:54:21","slug":"nossos-servicos","status":"publish","type":"page","link":"https:\/\/projetos.inaweb.com.br\/modelo-velar\/nossos-servicos\/","title":{"rendered":"Nossos Servi\u00e7os"},"content":{"rendered":"\t\t<div data-elementor-type=\"wp-page\" data-elementor-id=\"906\" class=\"elementor elementor-906\" data-elementor-post-type=\"page\">\n\t\t\t\t<div class=\"elementor-element elementor-element-31d0836 e-flex e-con-boxed e-con e-parent\" data-id=\"31d0836\" data-element_type=\"container\" data-settings=\"{&quot;background_background&quot;:&quot;classic&quot;}\">\n\t\t\t\t\t<div class=\"e-con-inner\">\n\t\t<div class=\"elementor-element elementor-element-3a78346 e-con-full e-flex e-con e-child\" data-id=\"3a78346\" data-element_type=\"container\" data-settings=\"{&quot;background_background&quot;:&quot;classic&quot;}\">\n\t\t\t\t<div class=\"elementor-element elementor-element-1762616 elementor-widget elementor-widget-heading\" data-id=\"1762616\" data-element_type=\"widget\" data-widget_type=\"heading.default\">\n\t\t\t\t<div class=\"elementor-widget-container\">\n\t\t\t\t\t<h2 class=\"elementor-heading-title elementor-size-default\">SERVI\u00c7OS<\/h2>\t\t\t\t<\/div>\n\t\t\t\t<\/div>\n\t\t\t\t<\/div>\n\t\t\t\t\t<\/div>\n\t\t\t\t<\/div>\n\t\t<div class=\"elementor-element elementor-element-0138531 e-flex e-con-boxed e-con e-parent\" data-id=\"0138531\" data-element_type=\"container\" data-settings=\"{&quot;background_background&quot;:&quot;classic&quot;}\">\n\t\t\t\t\t<div class=\"e-con-inner\">\n\t\t<div class=\"elementor-element elementor-element-83671cb e-flex e-con-boxed e-con e-child\" data-id=\"83671cb\" data-element_type=\"container\">\n\t\t\t\t\t<div class=\"e-con-inner\">\n\t\t<div class=\"elementor-element elementor-element-4b7733d e-flex e-con-boxed e-con e-child\" data-id=\"4b7733d\" data-element_type=\"container\">\n\t\t\t\t\t<div class=\"e-con-inner\">\n\t\t\t\t<div class=\"elementor-element elementor-element-ec830a4 elementor-widget-divider--view-line elementor-widget elementor-widget-divider\" data-id=\"ec830a4\" data-element_type=\"widget\" data-widget_type=\"divider.default\">\n\t\t\t\t<div class=\"elementor-widget-container\">\n\t\t\t\t\t\t\t<div class=\"elementor-divider\">\n\t\t\t<span class=\"elementor-divider-separator\">\n\t\t\t\t\t\t<\/span>\n\t\t<\/div>\n\t\t\t\t\t\t<\/div>\n\t\t\t\t<\/div>\n\t\t\t\t<div class=\"elementor-element elementor-element-3aed6a0 elementor-widget-divider--view-line elementor-widget elementor-widget-divider\" data-id=\"3aed6a0\" data-element_type=\"widget\" data-widget_type=\"divider.default\">\n\t\t\t\t<div class=\"elementor-widget-container\">\n\t\t\t\t\t\t\t<div class=\"elementor-divider\">\n\t\t\t<span class=\"elementor-divider-separator\">\n\t\t\t\t\t\t<\/span>\n\t\t<\/div>\n\t\t\t\t\t\t<\/div>\n\t\t\t\t<\/div>\n\t\t\t\t\t<\/div>\n\t\t\t\t<\/div>\n\t\t\t\t\t<\/div>\n\t\t\t\t<\/div>\n\t\t<div class=\"elementor-element elementor-element-4883524 e-flex e-con-boxed e-con e-child\" data-id=\"4883524\" data-element_type=\"container\">\n\t\t\t\t\t<div class=\"e-con-inner\">\n\t\t\t\t<div class=\"elementor-element elementor-element-14e95a5 elementor-widget__width-initial elementor-widget elementor-widget-heading\" data-id=\"14e95a5\" data-element_type=\"widget\" data-widget_type=\"heading.default\">\n\t\t\t\t<div class=\"elementor-widget-container\">\n\t\t\t\t\t<h2 class=\"elementor-heading-title elementor-size-default\">Nossa equipe est\u00e1 preparada para oferecer m\u00faltiplos servi\u00e7os que honram a mem\u00f3ria do seu ser querido que partiu. Asseguramos todo o aconselhamento e apoio que a fam\u00edlia necessita nessa hora.<\/h2>\t\t\t\t<\/div>\n\t\t\t\t<\/div>\n\t\t\t\t\t<\/div>\n\t\t\t\t<\/div>\n\t\t<div class=\"elementor-element elementor-element-c9e3883 e-flex e-con-boxed e-con e-child\" data-id=\"c9e3883\" data-element_type=\"container\">\n\t\t\t\t\t<div class=\"e-con-inner\">\n\t\t<div class=\"elementor-element elementor-element-10b7639 e-flex e-con-boxed e-con e-child\" data-id=\"10b7639\" data-element_type=\"container\" data-settings=\"{&quot;background_background&quot;:&quot;classic&quot;}\">\n\t\t\t\t\t<div class=\"e-con-inner\">\n\t\t<div class=\"elementor-element elementor-element-921c267 e-flex e-con-boxed e-con e-child\" data-id=\"921c267\" data-element_type=\"container\" data-settings=\"{&quot;background_background&quot;:&quot;classic&quot;}\">\n\t\t\t\t\t<div class=\"e-con-inner\">\n\t\t\t\t\t<\/div>\n\t\t\t\t<\/div>\n\t\t<div class=\"elementor-element elementor-element-ec7cd80 e-flex e-con-boxed e-con e-child\" data-id=\"ec7cd80\" data-element_type=\"container\">\n\t\t\t\t\t<div class=\"e-con-inner\">\n\t\t\t\t<div class=\"elementor-element elementor-element-c55edf2 elementor-widget elementor-widget-heading\" data-id=\"c55edf2\" data-element_type=\"widget\" data-widget_type=\"heading.default\">\n\t\t\t\t<div class=\"elementor-widget-container\">\n\t\t\t\t\t<h2 class=\"elementor-heading-title elementor-size-default\">Sepultamento<\/h2>\t\t\t\t<\/div>\n\t\t\t\t<\/div>\n\t\t\t\t<div class=\"elementor-element elementor-element-d8c9b25 elementor-widget elementor-widget-heading\" data-id=\"d8c9b25\" data-element_type=\"widget\" data-widget_type=\"heading.default\">\n\t\t\t\t<div class=\"elementor-widget-container\">\n\t\t\t\t\t<h2 class=\"elementor-heading-title elementor-size-default\">Gerenciamos toda a organiza\u00e7\u00e3o para o funeral e damos suporte \u00e0 fam\u00edlia com todos os documentos necess\u00e1rios.<\/h2>\t\t\t\t<\/div>\n\t\t\t\t<\/div>\n\t\t\t\t<div class=\"elementor-element elementor-element-7866ec9 elementor-tablet-align-center elementor-align-center elementor-widget elementor-widget-button\" data-id=\"7866ec9\" data-element_type=\"widget\" data-widget_type=\"button.default\">\n\t\t\t\t<div class=\"elementor-widget-container\">\n\t\t\t\t\t\t\t\t\t<div class=\"elementor-button-wrapper\">\n\t\t\t\t\t<a class=\"elementor-button elementor-button-link elementor-size-sm\" href=\"https:\/\/projetos.inaweb.com.br\/modelo-velar\/nossos-servicos\/sepultamento\/\">\n\t\t\t\t\t\t<span class=\"elementor-button-content-wrapper\">\n\t\t\t\t\t\t\t\t\t<span class=\"elementor-button-text\">Saiba Mais<\/span>\n\t\t\t\t\t<\/span>\n\t\t\t\t\t<\/a>\n\t\t\t\t<\/div>\n\t\t\t\t\t\t\t\t<\/div>\n\t\t\t\t<\/div>\n\t\t\t\t\t<\/div>\n\t\t\t\t<\/div>\n\t\t\t\t\t<\/div>\n\t\t\t\t<\/div>\n\t\t<div class=\"elementor-element elementor-element-77a1a9b e-flex e-con-boxed e-con e-child\" data-id=\"77a1a9b\" data-element_type=\"container\" data-settings=\"{&quot;background_background&quot;:&quot;classic&quot;}\">\n\t\t\t\t\t<div class=\"e-con-inner\">\n\t\t<div class=\"elementor-element elementor-element-5b20c22 e-flex e-con-boxed e-con e-child\" data-id=\"5b20c22\" data-element_type=\"container\" data-settings=\"{&quot;background_background&quot;:&quot;classic&quot;}\">\n\t\t\t\t\t<div class=\"e-con-inner\">\n\t\t\t\t\t<\/div>\n\t\t\t\t<\/div>\n\t\t<div class=\"elementor-element elementor-element-1fcce06 e-flex e-con-boxed e-con e-child\" data-id=\"1fcce06\" data-element_type=\"container\">\n\t\t\t\t\t<div class=\"e-con-inner\">\n\t\t\t\t<div class=\"elementor-element elementor-element-877e698 elementor-widget elementor-widget-heading\" data-id=\"877e698\" data-element_type=\"widget\" data-widget_type=\"heading.default\">\n\t\t\t\t<div class=\"elementor-widget-container\">\n\t\t\t\t\t<h2 class=\"elementor-heading-title elementor-size-default\">Crema\u00e7\u00e3o<\/h2>\t\t\t\t<\/div>\n\t\t\t\t<\/div>\n\t\t\t\t<div class=\"elementor-element elementor-element-e6e49af elementor-widget elementor-widget-heading\" data-id=\"e6e49af\" data-element_type=\"widget\" data-widget_type=\"heading.default\">\n\t\t\t\t<div class=\"elementor-widget-container\">\n\t\t\t\t\t<h2 class=\"elementor-heading-title elementor-size-default\">Dispomos de v\u00e1rias escolhas de urnas belas e sofisticadas para as fam\u00edlias que escolherem pela crema\u00e7\u00e3o.<\/h2>\t\t\t\t<\/div>\n\t\t\t\t<\/div>\n\t\t\t\t<div class=\"elementor-element elementor-element-895005d elementor-tablet-align-center elementor-align-center elementor-widget elementor-widget-button\" data-id=\"895005d\" data-element_type=\"widget\" data-widget_type=\"button.default\">\n\t\t\t\t<div class=\"elementor-widget-container\">\n\t\t\t\t\t\t\t\t\t<div class=\"elementor-button-wrapper\">\n\t\t\t\t\t<a class=\"elementor-button elementor-button-link elementor-size-sm\" href=\"https:\/\/projetos.inaweb.com.br\/modelo-velar\/nossos-servicos\/cremacao\/\">\n\t\t\t\t\t\t<span class=\"elementor-button-content-wrapper\">\n\t\t\t\t\t\t\t\t\t<span class=\"elementor-button-text\">Saiba Mais<\/span>\n\t\t\t\t\t<\/span>\n\t\t\t\t\t<\/a>\n\t\t\t\t<\/div>\n\t\t\t\t\t\t\t\t<\/div>\n\t\t\t\t<\/div>\n\t\t\t\t\t<\/div>\n\t\t\t\t<\/div>\n\t\t\t\t\t<\/div>\n\t\t\t\t<\/div>\n\t\t\t\t\t<\/div>\n\t\t\t\t<\/div>\n\t\t<div class=\"elementor-element elementor-element-6e86ad0 e-flex e-con-boxed e-con e-child\" data-id=\"6e86ad0\" data-element_type=\"container\">\n\t\t\t\t\t<div class=\"e-con-inner\">\n\t\t<div class=\"elementor-element elementor-element-5da148a e-flex e-con-boxed e-con e-child\" data-id=\"5da148a\" data-element_type=\"container\" data-settings=\"{&quot;background_background&quot;:&quot;classic&quot;}\">\n\t\t\t\t\t<div class=\"e-con-inner\">\n\t\t<div class=\"elementor-element elementor-element-4c5ae0f e-flex e-con-boxed e-con e-child\" data-id=\"4c5ae0f\" data-element_type=\"container\" data-settings=\"{&quot;background_background&quot;:&quot;classic&quot;}\">\n\t\t\t\t\t<div class=\"e-con-inner\">\n\t\t\t\t\t<\/div>\n\t\t\t\t<\/div>\n\t\t<div class=\"elementor-element elementor-element-95b6eb0 e-flex e-con-boxed e-con e-child\" data-id=\"95b6eb0\" data-element_type=\"container\">\n\t\t\t\t\t<div class=\"e-con-inner\">\n\t\t\t\t<div class=\"elementor-element elementor-element-e836646 elementor-widget elementor-widget-heading\" data-id=\"e836646\" data-element_type=\"widget\" data-widget_type=\"heading.default\">\n\t\t\t\t<div class=\"elementor-widget-container\">\n\t\t\t\t\t<h2 class=\"elementor-heading-title elementor-size-default\">Traslado Funer\u00e1rio<\/h2>\t\t\t\t<\/div>\n\t\t\t\t<\/div>\n\t\t\t\t<div class=\"elementor-element elementor-element-a2e051b elementor-widget elementor-widget-heading\" data-id=\"a2e051b\" data-element_type=\"widget\" data-widget_type=\"heading.default\">\n\t\t\t\t<div class=\"elementor-widget-container\">\n\t\t\t\t\t<h2 class=\"elementor-heading-title elementor-size-default\">Contamos com uma ampla infraestrutura de transporte funer\u00e1rio terrestre e a\u00e9reo em todo o territ\u00f3rio nacional e internacional.<\/h2>\t\t\t\t<\/div>\n\t\t\t\t<\/div>\n\t\t\t\t<div class=\"elementor-element elementor-element-72731e7 elementor-tablet-align-center elementor-align-center elementor-widget elementor-widget-button\" data-id=\"72731e7\" data-element_type=\"widget\" data-widget_type=\"button.default\">\n\t\t\t\t<div class=\"elementor-widget-container\">\n\t\t\t\t\t\t\t\t\t<div class=\"elementor-button-wrapper\">\n\t\t\t\t\t<a class=\"elementor-button elementor-button-link elementor-size-sm\" href=\"https:\/\/projetos.inaweb.com.br\/modelo-velar\/nossos-servicos\/traslado-funerario\/\">\n\t\t\t\t\t\t<span class=\"elementor-button-content-wrapper\">\n\t\t\t\t\t\t\t\t\t<span class=\"elementor-button-text\">Saiba Mais<\/span>\n\t\t\t\t\t<\/span>\n\t\t\t\t\t<\/a>\n\t\t\t\t<\/div>\n\t\t\t\t\t\t\t\t<\/div>\n\t\t\t\t<\/div>\n\t\t\t\t\t<\/div>\n\t\t\t\t<\/div>\n\t\t\t\t\t<\/div>\n\t\t\t\t<\/div>\n\t\t<div class=\"elementor-element elementor-element-ca45cc3 e-flex e-con-boxed e-con e-child\" data-id=\"ca45cc3\" data-element_type=\"container\" data-settings=\"{&quot;background_background&quot;:&quot;classic&quot;}\">\n\t\t\t\t\t<div class=\"e-con-inner\">\n\t\t<div class=\"elementor-element elementor-element-4b9609e e-flex e-con-boxed e-con e-child\" data-id=\"4b9609e\" data-element_type=\"container\" data-settings=\"{&quot;background_background&quot;:&quot;classic&quot;}\">\n\t\t\t\t\t<div class=\"e-con-inner\">\n\t\t\t\t\t<\/div>\n\t\t\t\t<\/div>\n\t\t<div class=\"elementor-element elementor-element-a097624 e-flex e-con-boxed e-con e-child\" data-id=\"a097624\" data-element_type=\"container\">\n\t\t\t\t\t<div class=\"e-con-inner\">\n\t\t\t\t<div class=\"elementor-element elementor-element-154211f elementor-widget elementor-widget-heading\" data-id=\"154211f\" data-element_type=\"widget\" data-widget_type=\"heading.default\">\n\t\t\t\t<div class=\"elementor-widget-container\">\n\t\t\t\t\t<h2 class=\"elementor-heading-title elementor-size-default\">Cl\u00ednica de prepara\u00e7\u00e3o<\/h2>\t\t\t\t<\/div>\n\t\t\t\t<\/div>\n\t\t\t\t<div class=\"elementor-element elementor-element-76d4178 elementor-widget elementor-widget-heading\" data-id=\"76d4178\" data-element_type=\"widget\" data-widget_type=\"heading.default\">\n\t\t\t\t<div class=\"elementor-widget-container\">\n\t\t\t\t\t<h2 class=\"elementor-heading-title elementor-size-default\">Possu\u00edmos uma cl\u00ednica pr\u00f3pria com padr\u00f5es globais de cuidado, prepara\u00e7\u00e3o e respeito ao corpo do ente amado.<\/h2>\t\t\t\t<\/div>\n\t\t\t\t<\/div>\n\t\t\t\t<div class=\"elementor-element elementor-element-dba3af7 elementor-tablet-align-center elementor-align-center elementor-widget elementor-widget-button\" data-id=\"dba3af7\" data-element_type=\"widget\" data-widget_type=\"button.default\">\n\t\t\t\t<div class=\"elementor-widget-container\">\n\t\t\t\t\t\t\t\t\t<div class=\"elementor-button-wrapper\">\n\t\t\t\t\t<a class=\"elementor-button elementor-button-link elementor-size-sm\" href=\"https:\/\/projetos.inaweb.com.br\/modelo-velar\/nossos-servicos\/clinica-de-preparacao\/\">\n\t\t\t\t\t\t<span class=\"elementor-button-content-wrapper\">\n\t\t\t\t\t\t\t\t\t<span class=\"elementor-button-text\">Saiba Mais<\/span>\n\t\t\t\t\t<\/span>\n\t\t\t\t\t<\/a>\n\t\t\t\t<\/div>\n\t\t\t\t\t\t\t\t<\/div>\n\t\t\t\t<\/div>\n\t\t\t\t\t<\/div>\n\t\t\t\t<\/div>\n\t\t\t\t\t<\/div>\n\t\t\t\t<\/div>\n\t\t\t\t\t<\/div>\n\t\t\t\t<\/div>\n\t\t\t\t\t<\/div>\n\t\t\t\t<\/div>\n\t\t<div class=\"elementor-element elementor-element-38eca97 central-de-atendimento e-flex e-con-boxed e-con e-parent\" data-id=\"38eca97\" data-element_type=\"container\">\n\t\t\t\t\t<div class=\"e-con-inner\">\n\t\t<div class=\"elementor-element elementor-element-5eb553e e-flex e-con-boxed e-con e-child\" data-id=\"5eb553e\" data-element_type=\"container\" data-settings=\"{&quot;background_background&quot;:&quot;classic&quot;}\">\n\t\t\t\t\t<div class=\"e-con-inner\">\n\t\t<div class=\"elementor-element elementor-element-53ca100 e-con-full e-flex e-con e-child\" data-id=\"53ca100\" data-element_type=\"container\">\n\t\t\t\t<div class=\"elementor-element elementor-element-02985ba elementor-widget elementor-widget-image\" data-id=\"02985ba\" data-element_type=\"widget\" data-widget_type=\"image.default\">\n\t\t\t\t<div class=\"elementor-widget-container\">\n\t\t\t\t\t\t\t\t\t\t\t\t\t\t\t<img fetchpriority=\"high\" decoding=\"async\" width=\"245\" height=\"245\" src=\"https:\/\/projetos.inaweb.com.br\/modelo-velar\/wp-content\/uploads\/2024\/04\/central-de-atendimento.jpg\" class=\"attachment-large size-large wp-image-925\" alt=\"\" srcset=\"https:\/\/projetos.inaweb.com.br\/modelo-velar\/wp-content\/uploads\/2024\/04\/central-de-atendimento.jpg 245w, https:\/\/projetos.inaweb.com.br\/modelo-velar\/wp-content\/uploads\/2024\/04\/central-de-atendimento-150x150.jpg 150w\" sizes=\"(max-width: 245px) 100vw, 245px\" \/>\t\t\t\t\t\t\t\t\t\t\t\t\t\t\t<\/div>\n\t\t\t\t<\/div>\n\t\t\t\t<\/div>\n\t\t<div class=\"elementor-element elementor-element-50563f8 e-con-full e-flex e-con e-child\" data-id=\"50563f8\" data-element_type=\"container\">\n\t\t\t\t<div class=\"elementor-element elementor-element-82bb00f elementor-widget elementor-widget-heading\" data-id=\"82bb00f\" data-element_type=\"widget\" data-widget_type=\"heading.default\">\n\t\t\t\t<div class=\"elementor-widget-container\">\n\t\t\t\t\t<h2 class=\"elementor-heading-title elementor-size-default\">Central de atendimento gratuito \u00e0 popula\u00e7\u00e3o<\/h2>\t\t\t\t<\/div>\n\t\t\t\t<\/div>\n\t\t\t\t<div class=\"elementor-element elementor-element-6676495 elementor-widget elementor-widget-heading\" data-id=\"6676495\" data-element_type=\"widget\" data-widget_type=\"heading.default\">\n\t\t\t\t<div class=\"elementor-widget-container\">\n\t\t\t\t\t<h3 class=\"elementor-heading-title elementor-size-default\">O falecimento de um ente amado pode ser um grande impacto para a fam\u00edlia, e frequentemente os familiares n\u00e3o sabem como agir em uma situa\u00e7\u00e3o de tanto sofrimento. Com isso em mente, oferecemos o Canal de Assist\u00eancia Gratuita \u00e0 Comunidade que guia as pessoas pr\u00f3ximas do falecido que est\u00e3o incertas sobre como agir. Conte com nosso aux\u00edlio e obtenha todas as instru\u00e7\u00f5es necess\u00e1rias para que este momento seja conduzido com dignidade e respeito.<\/h3>\t\t\t\t<\/div>\n\t\t\t\t<\/div>\n\t\t\t\t<div class=\"elementor-element elementor-element-d3876ed elementor-widget elementor-widget-shortcode\" data-id=\"d3876ed\" data-element_type=\"widget\" data-widget_type=\"shortcode.default\">\n\t\t\t\t<div class=\"elementor-widget-container\">\n\t\t\t\t\t\t\t<div class=\"elementor-shortcode\"><a class='phone-number' target='_blank' href='tel:01100000000'>11 0000-0000<\/a><\/div>\n\t\t\t\t\t\t<\/div>\n\t\t\t\t<\/div>\n\t\t\t\t<\/div>\n\t\t\t\t\t<\/div>\n\t\t\t\t<\/div>\n\t\t\t\t\t<\/div>\n\t\t\t\t<\/div>\n\t\t\t\t<\/div>\n\t\t","protected":false},"excerpt":{"rendered":"<p>SERVI\u00c7OS Nossa equipe est\u00e1 preparada para oferecer m\u00faltiplos servi\u00e7os que honram a mem\u00f3ria do seu ser querido que partiu. Asseguramos todo o aconselhamento e apoio que a fam\u00edlia necessita nessa hora. Sepultamento Gerenciamos toda a organiza\u00e7\u00e3o para o funeral e damos suporte \u00e0 fam\u00edlia com todos os documentos necess\u00e1rios. Saiba Mais Crema\u00e7\u00e3o Dispomos de v\u00e1rias [&hellip;]<\/p>\n","protected":false},"author":1,"featured_media":0,"parent":0,"menu_order":0,"comment_status":"closed","ping_status":"closed","template":"elementor_header_footer","meta":{"footnotes":""},"class_list":["post-906","page","type-page","status-publish","hentry"],"yoast_head":"<!-- This site is optimized with the Yoast SEO plugin v26.5 - https:\/\/yoast.com\/wordpress\/plugins\/seo\/ -->\n<title>Nossos Servi\u00e7os<\/title>\n<meta name=\"description\" content=\"Nossos Servi\u00e7os - Nossa organiza\u00e7\u00e3o oferece uma variedade de servi\u00e7os para que o ser querido que se foi receba todas as honras dignas.\" \/>\n<meta name=\"robots\" content=\"noindex, follow, max-snippet:-1, max-image-preview:large, max-video-preview:-1\" \/>\n<meta property=\"og:locale\" content=\"pt_BR\" \/>\n<meta property=\"og:type\" content=\"article\" \/>\n<meta property=\"og:title\" content=\"Nossos Servi\u00e7os\" \/>\n<meta property=\"og:description\" content=\"Nossos Servi\u00e7os - Nossa organiza\u00e7\u00e3o oferece uma variedade de servi\u00e7os para que o ser querido que se foi receba todas as honras dignas.\" \/>\n<meta property=\"og:url\" content=\"https:\/\/projetos.inaweb.com.br\/modelo-velar\/nossos-servicos\/\" \/>\n<meta property=\"og:site_name\" content=\"Velar\" \/>\n<meta property=\"article:modified_time\" content=\"2024-05-17T20:54:21+00:00\" \/>\n<meta property=\"og:image\" content=\"https:\/\/projetos.inaweb.com.br\/modelo-velar\/wp-content\/uploads\/2024\/04\/velar-24-horas-servicos-funerarios.jpg\" \/>\n\t<meta property=\"og:image:width\" content=\"580\" \/>\n\t<meta property=\"og:image:height\" content=\"380\" \/>\n\t<meta property=\"og:image:type\" content=\"image\/jpeg\" \/>\n<meta name=\"twitter:card\" content=\"summary_large_image\" \/>\n<meta name=\"twitter:label1\" content=\"Est. tempo de leitura\" \/>\n\t<meta name=\"twitter:data1\" content=\"2 minutos\" \/>\n<script type=\"application\/ld+json\" class=\"yoast-schema-graph\">{\"@context\":\"https:\/\/schema.org\",\"@graph\":[{\"@type\":\"WebPage\",\"@id\":\"https:\/\/projetos.inaweb.com.br\/modelo-velar\/nossos-servicos\/\",\"url\":\"https:\/\/projetos.inaweb.com.br\/modelo-velar\/nossos-servicos\/\",\"name\":\"Nossos Servi\u00e7os\",\"isPartOf\":{\"@id\":\"https:\/\/projetos.inaweb.com.br\/modelo-velar\/#website\"},\"primaryImageOfPage\":{\"@id\":\"https:\/\/projetos.inaweb.com.br\/modelo-velar\/nossos-servicos\/#primaryimage\"},\"image\":{\"@id\":\"https:\/\/projetos.inaweb.com.br\/modelo-velar\/nossos-servicos\/#primaryimage\"},\"thumbnailUrl\":\"https:\/\/projetos.inaweb.com.br\/modelo-velar\/wp-content\/uploads\/2024\/04\/central-de-atendimento.jpg\",\"datePublished\":\"2024-04-18T13:36:51+00:00\",\"dateModified\":\"2024-05-17T20:54:21+00:00\",\"description\":\"Nossos Servi\u00e7os - Nossa organiza\u00e7\u00e3o oferece uma variedade de servi\u00e7os para que o ser querido que se foi receba todas as honras dignas.\",\"breadcrumb\":{\"@id\":\"https:\/\/projetos.inaweb.com.br\/modelo-velar\/nossos-servicos\/#breadcrumb\"},\"inLanguage\":\"pt-BR\",\"potentialAction\":[{\"@type\":\"ReadAction\",\"target\":[\"https:\/\/projetos.inaweb.com.br\/modelo-velar\/nossos-servicos\/\"]}]},{\"@type\":\"ImageObject\",\"inLanguage\":\"pt-BR\",\"@id\":\"https:\/\/projetos.inaweb.com.br\/modelo-velar\/nossos-servicos\/#primaryimage\",\"url\":\"https:\/\/projetos.inaweb.com.br\/modelo-velar\/wp-content\/uploads\/2024\/04\/central-de-atendimento.jpg\",\"contentUrl\":\"https:\/\/projetos.inaweb.com.br\/modelo-velar\/wp-content\/uploads\/2024\/04\/central-de-atendimento.jpg\",\"width\":245,\"height\":245},{\"@type\":\"BreadcrumbList\",\"@id\":\"https:\/\/projetos.inaweb.com.br\/modelo-velar\/nossos-servicos\/#breadcrumb\",\"itemListElement\":[{\"@type\":\"ListItem\",\"position\":1,\"name\":\"In\u00edcio\",\"item\":\"https:\/\/projetos.inaweb.com.br\/modelo-velar\/\"},{\"@type\":\"ListItem\",\"position\":2,\"name\":\"Nossos Servi\u00e7os\"}]},{\"@type\":\"WebSite\",\"@id\":\"https:\/\/projetos.inaweb.com.br\/modelo-velar\/#website\",\"url\":\"https:\/\/projetos.inaweb.com.br\/modelo-velar\/\",\"name\":\"Velar\",\"description\":\"\",\"potentialAction\":[{\"@type\":\"SearchAction\",\"target\":{\"@type\":\"EntryPoint\",\"urlTemplate\":\"https:\/\/projetos.inaweb.com.br\/modelo-velar\/?s={search_term_string}\"},\"query-input\":{\"@type\":\"PropertyValueSpecification\",\"valueRequired\":true,\"valueName\":\"search_term_string\"}}],\"inLanguage\":\"pt-BR\"}]}<\/script>\n<!-- \/ Yoast SEO plugin. -->","yoast_head_json":{"title":"Nossos Servi\u00e7os","description":"Nossos Servi\u00e7os - Nossa organiza\u00e7\u00e3o oferece uma variedade de servi\u00e7os para que o ser querido que se foi receba todas as honras dignas.","robots":{"index":"noindex","follow":"follow","max-snippet":"max-snippet:-1","max-image-preview":"max-image-preview:large","max-video-preview":"max-video-preview:-1"},"og_locale":"pt_BR","og_type":"article","og_title":"Nossos Servi\u00e7os","og_description":"Nossos Servi\u00e7os - Nossa organiza\u00e7\u00e3o oferece uma variedade de servi\u00e7os para que o ser querido que se foi receba todas as honras dignas.","og_url":"https:\/\/projetos.inaweb.com.br\/modelo-velar\/nossos-servicos\/","og_site_name":"Velar","article_modified_time":"2024-05-17T20:54:21+00:00","og_image":[{"width":580,"height":380,"url":"https:\/\/projetos.inaweb.com.br\/modelo-velar\/wp-content\/uploads\/2024\/04\/velar-24-horas-servicos-funerarios.jpg","type":"image\/jpeg"}],"twitter_card":"summary_large_image","twitter_misc":{"Est. tempo de leitura":"2 minutos"},"schema":{"@context":"https:\/\/schema.org","@graph":[{"@type":"WebPage","@id":"https:\/\/projetos.inaweb.com.br\/modelo-velar\/nossos-servicos\/","url":"https:\/\/projetos.inaweb.com.br\/modelo-velar\/nossos-servicos\/","name":"Nossos Servi\u00e7os","isPartOf":{"@id":"https:\/\/projetos.inaweb.com.br\/modelo-velar\/#website"},"primaryImageOfPage":{"@id":"https:\/\/projetos.inaweb.com.br\/modelo-velar\/nossos-servicos\/#primaryimage"},"image":{"@id":"https:\/\/projetos.inaweb.com.br\/modelo-velar\/nossos-servicos\/#primaryimage"},"thumbnailUrl":"https:\/\/projetos.inaweb.com.br\/modelo-velar\/wp-content\/uploads\/2024\/04\/central-de-atendimento.jpg","datePublished":"2024-04-18T13:36:51+00:00","dateModified":"2024-05-17T20:54:21+00:00","description":"Nossos Servi\u00e7os - Nossa organiza\u00e7\u00e3o oferece uma variedade de servi\u00e7os para que o ser querido que se foi receba todas as honras dignas.","breadcrumb":{"@id":"https:\/\/projetos.inaweb.com.br\/modelo-velar\/nossos-servicos\/#breadcrumb"},"inLanguage":"pt-BR","potentialAction":[{"@type":"ReadAction","target":["https:\/\/projetos.inaweb.com.br\/modelo-velar\/nossos-servicos\/"]}]},{"@type":"ImageObject","inLanguage":"pt-BR","@id":"https:\/\/projetos.inaweb.com.br\/modelo-velar\/nossos-servicos\/#primaryimage","url":"https:\/\/projetos.inaweb.com.br\/modelo-velar\/wp-content\/uploads\/2024\/04\/central-de-atendimento.jpg","contentUrl":"https:\/\/projetos.inaweb.com.br\/modelo-velar\/wp-content\/uploads\/2024\/04\/central-de-atendimento.jpg","width":245,"height":245},{"@type":"BreadcrumbList","@id":"https:\/\/projetos.inaweb.com.br\/modelo-velar\/nossos-servicos\/#breadcrumb","itemListElement":[{"@type":"ListItem","position":1,"name":"In\u00edcio","item":"https:\/\/projetos.inaweb.com.br\/modelo-velar\/"},{"@type":"ListItem","position":2,"name":"Nossos Servi\u00e7os"}]},{"@type":"WebSite","@id":"https:\/\/projetos.inaweb.com.br\/modelo-velar\/#website","url":"https:\/\/projetos.inaweb.com.br\/modelo-velar\/","name":"Velar","description":"","potentialAction":[{"@type":"SearchAction","target":{"@type":"EntryPoint","urlTemplate":"https:\/\/projetos.inaweb.com.br\/modelo-velar\/?s={search_term_string}"},"query-input":{"@type":"PropertyValueSpecification","valueRequired":true,"valueName":"search_term_string"}}],"inLanguage":"pt-BR"}]}},"_links":{"self":[{"href":"https:\/\/projetos.inaweb.com.br\/modelo-velar\/wp-json\/wp\/v2\/pages\/906","targetHints":{"allow":["GET"]}}],"collection":[{"href":"https:\/\/projetos.inaweb.com.br\/modelo-velar\/wp-json\/wp\/v2\/pages"}],"about":[{"href":"https:\/\/projetos.inaweb.com.br\/modelo-velar\/wp-json\/wp\/v2\/types\/page"}],"author":[{"embeddable":true,"href":"https:\/\/projetos.inaweb.com.br\/modelo-velar\/wp-json\/wp\/v2\/users\/1"}],"replies":[{"embeddable":true,"href":"https:\/\/projetos.inaweb.com.br\/modelo-velar\/wp-json\/wp\/v2\/comments?post=906"}],"version-history":[{"count":68,"href":"https:\/\/projetos.inaweb.com.br\/modelo-velar\/wp-json\/wp\/v2\/pages\/906\/revisions"}],"predecessor-version":[{"id":1496,"href":"https:\/\/projetos.inaweb.com.br\/modelo-velar\/wp-json\/wp\/v2\/pages\/906\/revisions\/1496"}],"wp:attachment":[{"href":"https:\/\/projetos.inaweb.com.br\/modelo-velar\/wp-json\/wp\/v2\/media?parent=906"}],"curies":[{"name":"wp","href":"https:\/\/api.w.org\/{rel}","templated":true}]}}